{"version":"1.0","provider_name":"ItaliaEconomiaOnline","provider_url":"https:\/\/www.italiaeconomiaonline.it\/web","title":"Governo: Furlan (Cisl)- Conte metta al centro crescita, riduzione tasse e dialogo sociale -","type":"rich","width":600,"height":338,"html":"<blockquote class=\"wp-embedded-content\" data-secret=\"EzdwgJccyi\"><a href=\"https:\/\/www.italiaeconomiaonline.it\/web\/1604-2\/\">Governo: Furlan (Cisl)- Conte metta al centro crescita, riduzione tasse e dialogo sociale<\/a><\/blockquote><iframe sandbox=\"allow-scripts\" security=\"restricted\" src=\"https:\/\/www.italiaeconomiaonline.it\/web\/1604-2\/embed\/#?secret=EzdwgJccyi\" width=\"600\" height=\"338\" title=\"&#8220;Governo: Furlan (Cisl)- Conte metta al centro crescita, riduzione tasse e dialogo sociale&#8221; &#8212; ItaliaEconomiaOnline\" data-secret=\"EzdwgJccyi\" frameborder=\"0\" marginwidth=\"0\" marginheight=\"0\" scrolling=\"no\" class=\"wp-embedded-content\"><\/iframe><script type=\"text\/javascript\">\n\/*! This file is auto-generated *\/\n!function(c,d){\"use strict\";var e=!1,o=!1;if(d.querySelector)if(c.addEventListener)e=!0;if(c.wp=c.wp||{},c.wp.receiveEmbedMessage);else if(c.wp.receiveEmbedMessage=function(e){var t=e.data;if(!t);else if(!(t.secret||t.message||t.value));else if(\/[^a-zA-Z0-9]\/.test(t.secret));else{for(var r,s,a,i=d.querySelectorAll('iframe[data-secret=\"'+t.secret+'\"]'),n=d.querySelectorAll('blockquote[data-secret=\"'+t.secret+'\"]'),o=new RegExp(\"^https?:$\",\"i\"),l=0;l<n.length;l++)n[l].style.display=\"none\";for(l=0;l<i.length;l++)if(r=i[l],e.source!==r.contentWindow);else{if(r.removeAttribute(\"style\"),\"height\"===t.message){if(1e3<(s=parseInt(t.value,10)))s=1e3;else if(~~s<200)s=200;r.height=s}if(\"link\"===t.message)if(s=d.createElement(\"a\"),a=d.createElement(\"a\"),s.href=r.getAttribute(\"src\"),a.href=t.value,!o.test(a.protocol));else if(a.host===s.host)if(d.activeElement===r)c.top.location.href=t.value}}},e)c.addEventListener(\"message\",c.wp.receiveEmbedMessage,!1),d.addEventListener(\"DOMContentLoaded\",t,!1),c.addEventListener(\"load\",t,!1);function t(){if(o);else{o=!0;for(var e,t,r,s=-1!==navigator.appVersion.indexOf(\"MSIE 10\"),a=!!navigator.userAgent.match(\/Trident.*rv:11\\.\/),i=d.querySelectorAll(\"iframe.wp-embedded-content\"),n=0;n<i.length;n++){if(!(r=(t=i[n]).getAttribute(\"data-secret\")))r=Math.random().toString(36).substr(2,10),t.src+=\"#?secret=\"+r,t.setAttribute(\"data-secret\",r);if(s||a)(e=t.cloneNode(!0)).removeAttribute(\"security\"),t.parentNode.replaceChild(e,t);t.contentWindow.postMessage({message:\"ready\",secret:r},\"*\")}}}}(window,document);\n<\/script>\n","thumbnail_url":"https:\/\/www.italiaeconomiaonline.it\/web\/wp-content\/uploads\/2019\/07\/Schermata-2019-07-27-alle-12.31.34.png","thumbnail_width":511,"thumbnail_height":407,"description":"\u201c\u00c8 un segnale incoraggiante che oggi il Presidente del Consiglio incaricato, Giuseppe Conte, abbia indicato, tra le priorit\u00e0 del prossimo Governo, la questione del lavoro, la necessit\u00e0 di una maggiore equit\u00e0 fiscale, di nuove infrastrutture, di una pubblica amministrazione trasparente ed efficiente, lo sviluppo del Mezzogiorno, una nuova politica industriale innovativa, rispettosa dell\u2019ambiente, scongiurando l\u2019aumento [&hellip;]"}

“È un segnale incoraggiante che oggi il Presidente del Consiglio incaricato, Giuseppe Conte, abbia indicato, tra le priorità del prossimo Governo, la questione del lavoro, la necessità di una maggiore equità fiscale, di nuove infrastrutture, di una pubblica amministrazione trasparente ed efficiente, lo sviluppo del Mezzogiorno, una nuova politica industriale innovativa, rispettosa dell’ambiente, scongiurando l’aumento [&hellip;]
