{"version":"1.0","provider_name":"ItaliaEconomiaOnline","provider_url":"https:\/\/www.italiaeconomiaonline.it\/web","title":"Governo: l'agenda di Confindustria resta la stessa -","type":"rich","width":600,"height":338,"html":"<blockquote class=\"wp-embedded-content\" data-secret=\"b8T3pZsbP2\"><a href=\"https:\/\/www.italiaeconomiaonline.it\/web\/governo-lagenda-di-confindustria-resta-la-stessa\/\">Governo: l&#8217;agenda di Confindustria resta la stessa<\/a><\/blockquote><iframe sandbox=\"allow-scripts\" security=\"restricted\" src=\"https:\/\/www.italiaeconomiaonline.it\/web\/governo-lagenda-di-confindustria-resta-la-stessa\/embed\/#?secret=b8T3pZsbP2\" width=\"600\" height=\"338\" title=\"&#8220;Governo: l&#8217;agenda di Confindustria resta la stessa&#8221; &#8212; ItaliaEconomiaOnline\" data-secret=\"b8T3pZsbP2\" frameborder=\"0\" marginwidth=\"0\" marginheight=\"0\" scrolling=\"no\" class=\"wp-embedded-content\"><\/iframe><script type=\"text\/javascript\">\n\/*! This file is auto-generated *\/\n!function(c,d){\"use strict\";var e=!1,o=!1;if(d.querySelector)if(c.addEventListener)e=!0;if(c.wp=c.wp||{},c.wp.receiveEmbedMessage);else if(c.wp.receiveEmbedMessage=function(e){var t=e.data;if(!t);else if(!(t.secret||t.message||t.value));else if(\/[^a-zA-Z0-9]\/.test(t.secret));else{for(var r,s,a,i=d.querySelectorAll('iframe[data-secret=\"'+t.secret+'\"]'),n=d.querySelectorAll('blockquote[data-secret=\"'+t.secret+'\"]'),o=new RegExp(\"^https?:$\",\"i\"),l=0;l<n.length;l++)n[l].style.display=\"none\";for(l=0;l<i.length;l++)if(r=i[l],e.source!==r.contentWindow);else{if(r.removeAttribute(\"style\"),\"height\"===t.message){if(1e3<(s=parseInt(t.value,10)))s=1e3;else if(~~s<200)s=200;r.height=s}if(\"link\"===t.message)if(s=d.createElement(\"a\"),a=d.createElement(\"a\"),s.href=r.getAttribute(\"src\"),a.href=t.value,!o.test(a.protocol));else if(a.host===s.host)if(d.activeElement===r)c.top.location.href=t.value}}},e)c.addEventListener(\"message\",c.wp.receiveEmbedMessage,!1),d.addEventListener(\"DOMContentLoaded\",t,!1),c.addEventListener(\"load\",t,!1);function t(){if(o);else{o=!0;for(var e,t,r,s=-1!==navigator.appVersion.indexOf(\"MSIE 10\"),a=!!navigator.userAgent.match(\/Trident.*rv:11\\.\/),i=d.querySelectorAll(\"iframe.wp-embedded-content\"),n=0;n<i.length;n++){if(!(r=(t=i[n]).getAttribute(\"data-secret\")))r=Math.random().toString(36).substr(2,10),t.src+=\"#?secret=\"+r,t.setAttribute(\"data-secret\",r);if(s||a)(e=t.cloneNode(!0)).removeAttribute(\"security\"),t.parentNode.replaceChild(e,t);t.contentWindow.postMessage({message:\"ready\",secret:r},\"*\")}}}}(window,document);\n<\/script>\n","thumbnail_url":"https:\/\/www.italiaeconomiaonline.it\/web\/wp-content\/uploads\/2019\/05\/vincenzo_boccia.jpg","thumbnail_width":960,"thumbnail_height":540,"description":"Cambia il governo, resta la nostra Agenda. Cos\u00ec Confindustria che in attesa dell\u2019intervento alle Camere del premier incaricato Giuseppe Conte rinnova l\u2019auspicio che l\u2019esecutivo metta al centro della sua attenzione l\u2019economia reale e mostri sensibilit\u00e0 ai temi dello sviluppo. \u00c8 dal 2016 &#8211; ricorda Confindustria &#8211; che indichiamo in pi\u00f9 crescita, meno deficit e meno [&hellip;]"}

Cambia il governo, resta la nostra Agenda. Così Confindustria che in attesa dell’intervento alle Camere del premier incaricato Giuseppe Conte rinnova l’auspicio che l’esecutivo metta al centro della sua attenzione l’economia reale e mostri sensibilità ai temi dello sviluppo. È dal 2016 &#8211; ricorda Confindustria &#8211; che indichiamo in più crescita, meno deficit e meno [&hellip;]
