{"version":"1.0","provider_name":"ItaliaEconomiaOnline","provider_url":"https:\/\/www.italiaeconomiaonline.it\/web","title":"Lampade alogene: stop dall Unione Europea -","type":"rich","width":600,"height":338,"html":"<blockquote class=\"wp-embedded-content\" data-secret=\"c2ZKAxqins\"><a href=\"https:\/\/www.italiaeconomiaonline.it\/web\/lampade-alogene-stop-dall-unione-europea\/\">Lampade alogene: stop dall Unione Europea<\/a><\/blockquote><iframe sandbox=\"allow-scripts\" security=\"restricted\" src=\"https:\/\/www.italiaeconomiaonline.it\/web\/lampade-alogene-stop-dall-unione-europea\/embed\/#?secret=c2ZKAxqins\" width=\"600\" height=\"338\" title=\"&#8220;Lampade alogene: stop dall Unione Europea&#8221; &#8212; ItaliaEconomiaOnline\" data-secret=\"c2ZKAxqins\" frameborder=\"0\" marginwidth=\"0\" marginheight=\"0\" scrolling=\"no\" class=\"wp-embedded-content\"><\/iframe><script type=\"text\/javascript\">\n\/*! This file is auto-generated *\/\n!function(c,d){\"use strict\";var e=!1,o=!1;if(d.querySelector)if(c.addEventListener)e=!0;if(c.wp=c.wp||{},c.wp.receiveEmbedMessage);else if(c.wp.receiveEmbedMessage=function(e){var t=e.data;if(!t);else if(!(t.secret||t.message||t.value));else if(\/[^a-zA-Z0-9]\/.test(t.secret));else{for(var r,s,a,i=d.querySelectorAll('iframe[data-secret=\"'+t.secret+'\"]'),n=d.querySelectorAll('blockquote[data-secret=\"'+t.secret+'\"]'),o=new RegExp(\"^https?:$\",\"i\"),l=0;l<n.length;l++)n[l].style.display=\"none\";for(l=0;l<i.length;l++)if(r=i[l],e.source!==r.contentWindow);else{if(r.removeAttribute(\"style\"),\"height\"===t.message){if(1e3<(s=parseInt(t.value,10)))s=1e3;else if(~~s<200)s=200;r.height=s}if(\"link\"===t.message)if(s=d.createElement(\"a\"),a=d.createElement(\"a\"),s.href=r.getAttribute(\"src\"),a.href=t.value,!o.test(a.protocol));else if(a.host===s.host)if(d.activeElement===r)c.top.location.href=t.value}}},e)c.addEventListener(\"message\",c.wp.receiveEmbedMessage,!1),d.addEventListener(\"DOMContentLoaded\",t,!1),c.addEventListener(\"load\",t,!1);function t(){if(o);else{o=!0;for(var e,t,r,s=-1!==navigator.appVersion.indexOf(\"MSIE 10\"),a=!!navigator.userAgent.match(\/Trident.*rv:11\\.\/),i=d.querySelectorAll(\"iframe.wp-embedded-content\"),n=0;n<i.length;n++){if(!(r=(t=i[n]).getAttribute(\"data-secret\")))r=Math.random().toString(36).substr(2,10),t.src+=\"#?secret=\"+r,t.setAttribute(\"data-secret\",r);if(s||a)(e=t.cloneNode(!0)).removeAttribute(\"security\"),t.parentNode.replaceChild(e,t);t.contentWindow.postMessage({message:\"ready\",secret:r},\"*\")}}}}(window,document);\n<\/script>\n","thumbnail_url":"https:\/\/www.italiaeconomiaonline.it\/web\/wp-content\/uploads\/2018\/08\/Lampada-alogena.jpg","thumbnail_width":960,"thumbnail_height":540,"description":"Addio alle lampade alogene. A stabilirlo l\u2019Unione Europea che con la direttiva ERP (CE) 244\/2009 sui prodotti ad alto consumo energetico, bandisce questa tipologia di luci. La data della svolta \u00e8 molto vicina, si tratta infatti del primo settembre 2018. Da quel momento si fermer\u00e0 la produzione, ma non il commercio. Questa potr\u00e0 continuare fino [&hellip;]"}

Addio alle lampade alogene. A stabilirlo l’Unione Europea che con la direttiva ERP (CE) 244/2009 sui prodotti ad alto consumo energetico, bandisce questa tipologia di luci. La data della svolta è molto vicina, si tratta infatti del primo settembre 2018. Da quel momento si fermerà la produzione, ma non il commercio. Questa potrà continuare fino [&hellip;]
